False
Let c = 358 - 214. Let u = 1039 - c. Is u a prime number?
False
Suppose -3*m + m = 0. Suppose 0 = -l + 5*l - 12. Suppose m*x - l*x = 4*o - 430, 216 = 2*o + x. Is o composite?
False
Let c be -127*(3/6)/((-1)/2). Let z be (-2)/(-3)*(-6)/(-2). Suppose 3*n = z*t - 62, -3*t + 2*n + c = 6*n. Is t a prime number?
True
Let v(o) be the first derivative of 35*o**3/3 - 11*o**2/2 + o + 16. Is v(8) composite?
False
Suppose 0 = -2*r - 0*r + 4*j - 556, -j = 3. Let n = 872 + -405. Let f = n - r. Is f composite?
False
Suppose 0 = -4*o + 15 + 5. Suppose -4*x - 4*w + 46 = -26, 0 = o*x - 4*w - 72. Suppose 37 = x*t - 15*t. Is t composite?
False
Let h(y) = 3*y**2 + 2*y + 1. Let d be h(-1). Let a be (-6)/d*1084/(-12). Let m = -48 + a. Is m a prime number?
True
Let b = 1775 + 1868. Is b a composite number?
False
Suppose -9*m + 1805 - 9320 = 0. Suppose y + 989 = -553. Let k = m - y. Is k prime?
False
Let h be 4/2*359/(-1). Let i = h - -1017. Is i a prime number?
False
Let j = -8223 + 14146. Is j a composite number?
False
Suppose 3*r = -3*x - 2*r + 5563, 5*x = 5*r + 9205. Suppose -l + 5835 = x. Is l a composite number?
False
Let b(s) = 14*s**2 + 20*s + 31. Is b(17) a prime number?
False
Suppose 4326 = 4*y - 1122. Let u = -265 + y. Is u a prime number?
True
Let q = 23 - -1. Let a = q + -19. Suppose a*m - 445 = -y + 6*m, 3*m = -y + 461. Is y a composite number?
False
Let l(m) = m**3 - 9*m**2 - 11*m + 1. Let j be l(11). Let t = -85 + j. Is t prime?
True
Let v = 5 - -3. Let w(k) = -k**3 + 8*k**2 - 2*k + 3. Let c be w(v). Let y = c - -20. Is y a composite number?
False
Suppose -4*d + 1 = -5*v, -2*d + 5 = -v - 0*v. Suppose d*g - 171 - 769 = 0. Is g a prime number?
False
Let f be (44/(-6))/(-2) + 4/(-6). Suppose -f*n = -c - 5404, -n - 2*c - 3604 = -3*n. Is n prime?
True
Suppose -7*z = 27870 - 116147. Is z composite?
False
Suppose z - 29 = -30. Let d be 1485*-1 + (1 - 1). Is d/(-20) - z/(-4) composite?
True
Let g(m) = -3523*m - 226. Is g(-15) a prime number?
False
Let y = -661 + 378. Suppose 0*h = -h - 105. Let c = h - y. Is c a prime number?
False
Suppose 8*a = -9*a + 55267. Is a a composite number?
False
Let k = 98 + -92. Is 468 - 7/(21/k) prime?
False
Suppose -i - 8 = -9, 52464 = 2*d - 2*i. Is d composite?
True
Suppose -2*u + 0*u - 818 = 0. Let o(v) = 9*v**2 + 10*v - 11. Let h be o(11). Let k = u + h. Is k a prime number?
False
Let u = -42 + 41. Is (-1 + -896)*u/3 composite?
True
Let f(z) = 1055*z - 624. Is f(7) a composite number?
False
Let j = 4672 + -2169. Is j a prime number?
True
Let r be 4/7 + (-30)/(-21). Suppose -r*u + 1683 + 3539 = 0. Is u prime?
False
Suppose j - 135 = 3*i - 6*i, -2*j - 2*i = -250. Let d be (-4)/6 + 254/(-6). Let u = d + j. Is u a composite number?
True
Let w(n) = -4*n**2 - 5*n - 1. Let g be w(-1). Let s(o) = -2*o + 2333. Is s(g) a composite number?
False
Let t(z) = z**3 - 16*z**2 + 7*z + 2. Let q be t(8). Let h = 187 + q. Is -1 - (h - (-2 + 1)) a prime number?
False
Let q(c) be the second derivative of c**4/2 - 35*c**2/2 + 15*c. Is q(12) a prime number?
True
Let j(x) = -x**3 - x**2 - x - 2. Let b be j(-2). Let m(r) = r**2 - 3*r - 5. Let g be m(b). Is g - -4 - (-8 + -116) a prime number?
True
Let o = 19344 - 958. Suppose -8*i = 490 - o. Is i composite?
False
Let s(n) = -30*n - 14. Let m = 8 - 15. Let a be s(m). Suppose -102 = -2*f + a. Is f composite?
False
Let q = -8786 - -14367. Is q prime?
True
Is (-21)/(-6)*3314/7 a composite number?
False
Let x be 123437/7 + 8/56. Is (2/4*-1)/((-3)/x) a composite number?
False
Suppose 69 = -u + 2*u. Let l = 1 + u. Suppose q - 165 + l = -3*m, 33 = m + q. Is m a composite number?
False
Let d(t) = 88*t**3 - 2*t + 45. Is d(4) prime?
True
Let p(v) = -3*v**2 - 5. Let b(d) = 4*d**2 + 5. Let w(s) = -5*b(s) - 6*p(s). Let y be w(0). Suppose -y*r + 451 = -19. Is r composite?
True
Let c be 32286/8 - -2 - 13/(-52). Suppose -5*g - g = -c. Is g a composite number?
False
Let r(k) = 29*k**3 - 3*k**2 + k. Let o be r(2). Is (o/4)/((-3)/(-4)) a composite number?
True
Let v(n) be the first derivative of n**4/4 + 22*n**3/3 + 9*n**2 - 42*n - 10. Is v(-17) composite?
False
Let j be 1 - (-1230)/3 - 0/(-8). Let i = 964 - j. Is i a composite number?
True
Suppose -5*k + 139648 + 73419 = 3*m, k - 42607 = m. Is k prime?
True
Let t(s) = 23*s**3 - 38*s**2 + 39*s + 11. Is t(10) composite?
True
Let n(f) = 11*f + 13. Let u(v) = -21*v - 21. Let p(i) = -42*i - 41. Let q(o) = 4*p(o) - 9*u(o). Let c(s) = -5*n(s) + 3*q(s). Is c(8) prime?
False
Let f(h) = h**3 - 8*h**2 - h + 11. Let k be f(8). Suppose k*y + 2*l = -99, -y + 2*y + 26 = -3*l. Let z = y - -49. Is z prime?
False
Let q be 6/(18/17221) + (-1)/3. Suppose 10 = -4*s - 2, 5*w + 5*s = q. Is w a composite number?
False
Is 78/130*354140/12 a composite number?
False
Let u = 51 - 50. Is (1 + u*-116)*(-25 + 24) composite?
True
Suppose -2*v + 185 - 7219 = 0. Let z = -1367 - v. Suppose -x = 3*t - z, -3*t = -x - 3*x + 8615. Is x prime?
True
Suppose -5*z + 90 = -5*k - 215, -4*z + 226 = 2*k. Let q(f) = 12 + 6 + 1 - 3 + z*f. Is q(9) composite?
True
Suppose -2*y = 2*y - 8. Suppose 26 = 4*k + 3*x - y*x, 0 = 4*k - 5*x - 38. Let t(v) = 3*v**2 + 6*v - 10. Is t(k) a composite number?
False
Let d(o) = -71*o + 3. Let l be d(-4). Let r = 448 - l. Is r a composite number?
True
Is ((-4)/(-10))/(36/270) - -1478 a composite number?
False
Let y(x) = -x**2 + 1. Let k(b) = -3450*b**2 + 2*b - 5. Let v(n) = -k(n) - 5*y(n). Is v(-1) a composite number?
False
Suppose 12*n = -4*n + 1600. Let m = n + 405. Is m prime?
False
Let j(t) = 1804*t**2 + 2*t + 7. Let f(i) = -1804*i**2 - i - 6. Let n(z) = -6*f(z) - 5*j(z). Is n(1) prime?
True
Let a be -2*(10942/(-4) - -1). Let s = 8218 - a. Is s a prime number?
True
Is -12*5094/(-9) + 9 prime?
False
Let z be 6*(-2)/(-78) + 4470/13. Suppose 49 - z = -5*c. Is c a composite number?
False
Let h = 57264 + -22573. Is h prime?
False
Let n(u) = 1761*u**2 + 3*u - 5. Is n(1) prime?
True
Let m(d) = -d**3 + 3*d**2 + 8*d - 12. Let w be m(4). Suppose 3*q + 4632 = 3*l, -4627 = l - w*l - 2*q. Is l a composite number?
False
Suppose 8*y = 6 + 26. Suppose y*p - r - 2107 = 0, -4*p + 2*r + 1208 = -898. Is p a prime number?
False
Let q(x) be the third derivative of -5/24*x**4 + 1/6*x**5 + 0 + 0*x + 10*x**2 - 1/2*x**3 - 1/120*x**6. Is q(8) a prime number?
False
Let m = 43 - 72. Is (25 + -3)/((-2)/m) a composite number?
True
Suppose 10532 = 2*z + 2*a, -5*a + 6*a - 26310 = -5*z. Is z a composite number?
False
Suppose 0 = -3*w - 6*x + 3*x + 294, w - 2*x = 86. Suppose -p + 4*l + 440 = 0, 5*p - 5*l - 2031 = w. Let g = p - 85. Is g a prime number?
False
Let n(q) = -2*q**3 + 79*q**2 - 170*q + 11. Is n(34) a composite number?
False
Let r(g) = -524*g + 1. Let u(b) = -786*b + 2. Let k(l) = 7*r(l) - 5*u(l). Is k(2) a prime number?
True
Let s = -186 - -404. Is s composite?
True
Let l(f) = 10 + 7*f + 5*f + 1. Let v be 122/14 + (-2)/(-7). Is l(v) composite?
True
Is 1526 - 4/16*-4 prime?
False
Is (24/(-32))/((-3)/24756) a prime number?
False
Let w(u) = u - 6. Let s be w(13). Is 2*s/((-28)/(-110)) a composite number?
True
Let o(t) = 675*t + 7. Suppose 0 = 3*n - 6*n + 6. Is o(n) a prime number?
False
Let k = -31850 - -52557. Is k composite?
False
Suppose j = -4*t + 4709 - 926, -5*j + 18893 = -2*t. Is j a prime number?
True
Suppose -5*n = 2*j - 47820, 5*j - 56950 = -n + 62623. Is j prime?
False
Suppose -3*y = 5*s + 4305, -3*s - y - 3*y = 2572. Let n = s - -1366. Suppose -4*t + 342 = -n. Is t a composite number?
False
Let v(n) = -3172*n - 57. Is v(-8) composite?
True
Is (44 + 2)*(1 + 1182/12) composite?
True
Suppose -5*y + 5*x + 18805 = 0, 0 = -98*y + 99*y + x - 3761. Is y prime?
True
Suppose 0 = b - c - 1, -2*c + 4 = -0*c. Let x = -7 - -11. Suppose -x*h = -5*q - 45, 0*q - 3*q = -b*h + 36. Is h a prime number?
False
Let n(p) be the second derivative of p**4/12 + 5*p**3/6 + 5*p**2 + 197*p. Let w(r) = r**2 + 5*r + 1. Let z be w(-6). Is n(z) a prime number?
False
Suppose 940*i = 946*i - 118986. Is i a composite number?
True
Suppose -1 = z + 4*x, -2*x + 13 = 5*z - 0*x. Suppose 0 = z*r + 6*r - 414. Is r a prime number?
False
Let p = 42 + 27. Suppose r - 193 = -4*u, -4*u - p + 232 = -5*r. Is u a prime number?
True
Suppose -74840 = 16*m - 584712. Is m a prime number?
False
Suppose -12*v - 20 = -16*v. Suppose v*f - 25136 = 4